 - 24) - (3 + 12).
-6
What is the value of -27 + 6 - (5 + 4 + -22)?
-8
What is 12 + (6 + -11 - (-1 - 12))?
20
Evaluate 2 - -1 - (222 - 221).
2
Evaluate -18 + 28 + 5 + -17 + 4.
2
Calculate (-9 - (5 + -4)) + 0 + (108 - 116).
-18
-1 + 6 + (114 - 115) - -8
12
What is the value of 16 + (-4 - 15) + 10?
7
What is (-1 - (-8 + (6 - 0))) + 1?
2
What is -34 + 39 - (-1 - -19) - (2 - -3)?
-18
What is the value of 0 - -1 - (10 - 6) - 7 - 14?
-24
What is the value of -19 - (-24 + -26 + 46)?
-15
(3 - (16 + -5)) + (-52 - -67)
7
What is -5 - 18 - (-31 - 4)?
12
-4 - -1 - -22 - (-95 + 107)
7
279 + -258 - (12 + (0 - 2))
11
What is -14 + (-9 - 6) + 39?
10
What is the value of (-1 - (-2 - -4 - -12)) + (-162 - -170)?
-7
87 - 49 - (-15 - -25)
28
What is -1 - -17 - -3 - (-305 - -316)?
8
What is the value of 186 + -176 + 5 + (13 - (-1 + 5))?
24
What is the value of 39 - 55 - (-4 - 4)?
-8
What is the value of (12 - (10 - 7)) + -37 + 9?
-19
What is 4 + (21 - 37 - (2 + 5))?
-19
What is the value of -3 + -3 + 5 + (3 - (8 - 3))?
-3
What is the value of -13 - -28 - (6 - -2)?
7
Calculate 8 + ((-8 - 10) + -12 - -17).
-5
-2 + 3 + -1 - (-6 - (-9 - -10))
7
What is -10 + (46 - (12 + 5))?
19
What is (31 - 1 - (75 + -64)) + 6?
25
Evaluate -4 + (-4 - (4 - (-9 + 32 - 5))).
6
What is the value of -56 - -59 - (3 - (2 + 0) - -2)?
0
What is the value of (8 - (-2 - -4 - -10)) + 6?
2
Evaluate -87 - -97 - (-1 - -11 - -1).
-1
(10 - 15) + 11 + 0 - 7
-1
Calculate (-3 - (1 - (-8 - -19 - 6))) + 0.
1
What is the value of -10 + 9 - (1 - (6 - 2) - 18)?
20
What is the value of (-3 - -15) + -21 + 1 - (25 - 0)?
-33
Evaluate (-1 - (6 - 8)) + 23 + 7 + -4.
27
What is the value of -40 + 30 - (-2 + 3)?
-11
Calculate -8 + 6 + 8 + (-5 - 0 - 0).
1
-2 + (-10 - (-23 - -10) - (-1 + -6))
8
Calculate (7 - 5) + (-7 - -20) + -9.
6
Evaluate (17 - (-5 + 1 - -2)) + -32 + 25.
12
Evaluate (1 - 11) + (8 - (3 + 14 - 11)).
-8
What is (0 - 43) + 10 + -19 + 23?
-29
Evaluate -4 - (2 + -12) - ((21 - 14) + 22).
-23
(-77 - -58) + -2 + 7
-14
What is the value of -21 + -5 + (36 - 21)?
-11
34 + (-3 - 10) + (0 - 10)
11
Calculate -87 + 63 - (-9 + -17).
2
Evaluate -3 + 1 + 0 - (153 + -164).
9
What is -21 - -7 - -2 - (-12 - 0)?
0
What is 25 - (-7 - -37) - 20?
-25
Evaluate -1 + 4 + (1 - 1) + 2 + 1.
6
Evaluate 9 + -2 + -3 + (16 - 20).
0
(-4 - 1) + (162 + -159 - (0 + -1))
-1
Evaluate 9 + (-29 + 4 - -4) - -11.
-1
What is -16 + 1 - (31 - (49 + -5))?
-2
What is 2 + -2 + (-8 - -14 - 3)?
3
121 + -118 - (-5 - (-1 - -4))
11
Evaluate -18 - ((11 - 18) + (-3 - -5) + 1).
-14
Calculate (11 + -25 - (-20 + 10)) + 24.
20
(-13 + 5 - -2) + 0 + 3
-3
Calculate 7 - ((-1 - 0) + (-16 + -4 - -14)).
14
What is 11 - ((4 + 0 - -4) + -8)?
11
What is -15 - -11 - (29 + -44)?
11
(-1 - (2 + 1)) + -44 + 43
-5
What is -9 + -1 + 54 + -2 + -69?
-27
Evaluate -4 + (46 - (13 + 6)) - (9 + 0).
14
Evaluate -15 + -1 + (0 - 2) + (1 - -2).
-15
5 - (1 - (-4 + 2 + -3))
-1
Calculate 4 - (45 - (22 - -16)).
-3
Calculate (-311 - -358) + (-53 - 2).
-8
What is the value of 37 - ((-101 - -124) + 2 + -14)?
26
Evaluate (2 - 15) + (-1059 - -1066).
-6
What is -2 + (-4 - -1) + (-13 - (-8 + 3))?
-13
-9 - -7 - -11 - 11
-2
Calculate (4 - -3 - 26 - -8) + 22.
11
Calculate -8 + -2 - ((1 - -11) + -8).
-14
-2 - 1 - (-234 - -249) - -10
-8
Calculate -9 - -1 - (-4 + 0 + (-38 - -42)).
-8
What is 7 - (-8 + (6 - 3) - -4)?
8
Evaluate 15 - (-10 + (28 - -3)).
-6
What is -1 + 30 + (-13 - -5) + 8 + -5?
24
Evaluate (17 - 21) + -5 - 2.
-11
Calculate (10 - (0 - -1)) + -3 + -161 + 170.
15
What is the value of -2 + -8 + (1 - 4) + 2?
-11
Evaluate -13 - (-20 + (16 - 7)).
-2
What is the value of -3 - (-17 + 18 + 8)?
-12
Evaluate -13 + 2 + -2 + 3 + 0.
-10
Calculate (8 - -10) + -27 - -12.
3
Calculate 26 + (-28 - 26) - -38.
10
What is the value of (11 - -5) + (-4 - 1) + 25 + -5?
31
What is the value of (35 + 40 - 47) + -38?
-10
What is the value of 3 + -12 - (11 + -16)?
-4
What is the value of -25 + -10 + (4 - (-13 - -10))?
-28
What is -1 - 4 - (-33 - -34) - -7?
1
Calculate (-9 - -1 - -14) + (-1 - -2) - 17.
-10
What is the value of 0 - 2 - (-39 - -27 - -7)?
3
-25 + 36 + (1 - 6)
6
What is the value of (-26 - (14 - 48)) + 9 + 2?
19
What is (4 - 4) + 0 - (11 - 21) - 0?
10
(-17 - -4 - -3) + 6
-4
What is the value of (-2 - (0 + -2 + 4)) + -10?
-14
Calculate (7 - (21 + -4 + -1)) + (2 - -1).
-6
What is 3 + (-1 + -11 + 7 - -16)?
14
What is the value of (2 + -6 - -1 - (-55 + 52)) + 6?
6
What is the value of (18 + 33 - 27) + -10 + 0?
14
What is the value of (0 + -2 - -9) + (15 - (28 + -5))?
-1
Calculate 0 - (-14 - (7 + -14)).
7
(8 - -2 - 26) + 4 + (11 - -24)
23
What is 14 + 0 - (-1063 + 1062)?
15
What is the value of -3 + -7 + (1 - 1) + 6 + -8?
-12
4 + -8 + (-4 - -7) + 15 + 0
14
What is (-4 + 6 + -1 - 0 - 23) + 8?
-14
What is the value of 9 - (-12 - -12) - -22?
31
Calculate 14 - (9 - (21 - 35)).
-9
What is the value of (-6 - -18) + -29 + (3 - 11)?
-25
Calculate (-2 - (2 + 0)) + -10 + (-42 - -55).
-1
Calculate (-6 - 5) + 12 - (-1 + 7 + -1).
-4
Calculate 5 + 27 - -9 - 42.
-1
What is the value of -6 + -2 + -1 + -13 + 4 + 26?
8
Calculate 14 - ((-4 - (-10 + 7) - 1) + 3).
13
What is (6 - (-1 + 2 + 15)) + -22?
-32
What is the value of 1 - (-2 - 2) - (10 - (35 + -37))?
-7
Evaluate -7 - (-16 + 12) - -13.
10
23 + (-13 - (13 + 18))
-21
21 + (-20 - -11) + (-3 - 2)
7
-2 - (-6 + 13) - -15
6
-18 + 0 + -11 + 21
-8
Evaluate (-23 - 10) + 56 + -34.
-11
What is the value of -12 + (0 - 2) + (58 - 55)?
-11
What is the value of -4 + -11 + -136 + 165?
14
Calculate -57 + 59 - (3 + -5 + 0 + -3).
7
What is the value of -2 - 10 - ((7 - 1) + -1 - 15)?
-2
(-7 - 2) + 17 + -11 - 4 - -2
-5
Calculate 8 + -19 + -11 - -1.
-21
Evaluate 1 + 3 + (15 - 5) - 14.
0
What is the value of 17 + -24 + (4 - 0 - -3) + 2?
2
What is the value of -9 + 7 + (-3 - 0) + -10 + 1?
-14
Evaluate 31 + -25 + (-17 - (6 - 4)).
-13
What is the value of 24 - ((-5 - (-18 - -13)) + 1)?
23
Evaluate 5 + (-13 - -1 - (-23 + 25)).
-9
What is 3 + -1 + 2 - (4 + 5)?
-5
Calculate 121 + -124 + (3 - 2 - -20).
18
1 + 35 - (34 - (33 - (34 - 29)))
30
What is -2 - ((14 - 20) + (1 - -18))?
-15
What is -4 - -9 - 40 - (-275 - -274)?
-34
Calculate 6 - 0 - (-203 + 220).
-11
Evaluate (0 - -3) + -7 + -4 - 4.
-12
Evaluate (3 + -1 - 2) + 33 + (-50 - -23).
6
What is -34 + (6 - -1) + 84 + -79?
-22
What is the value of -17 - (-1 - ((-8 - -11) + (1 - 3)))?
-15
What is 10 + (27 - -11 - 30)?
18
Evaluate (-10 + 3 + 4 - 12 - -5) + 14.
4
Calculate (12 + -3 - 12) + 10 + (-3 - -7).
11
36 + -24 + -22 + 8 + -2
-4
Evaluate 8 + -3 + 4 + 1 + -4 + 2.
8
Calculate -31 + 7 + 4 + 14.
-6
6 + 3 + -5 - 2 - (2 - 2)
2
Evaluate -3 + 0 - 4 - (35 - 55).
13
-9 + (-3 + 9 + 0 - (-18 + 27))
-12
Calculate 30 + (4 - 12) + (2 - 8).
16
1 + (8 - (7 + (6 - 11)))
7
What is the value of -1 - -1 - -10 - (-113 + -35 + 143)?
15
Calculate 1 + -3 + (-9 - -4 - -3).
-4
What is 1 + 1 - (-50 + 60)?
-8
What is the value of (3 + -11 - 2) + (38 - 30) + 30?
28
Calculate 734 + -704 - (2 + 12).
16
What is the value of 10 + -5 + (19 - 29)?
-5
What is -6 - 25 - 4 - (-8 - -1 - 1)?
-27
Evaluate (8 - 12 - 3) + 4 + 0 + 36.
33
What is -5 + -5 + 4 + (-4 - (-1 + -3))?
-6
What is the value of -4 - (2 - (-2 - -9)) - (1 + -6)?
6
Evaluate 0 + -7 - (45 + -52) - 9.
-9
Calculate (-24 - -17) + 12 + 1 - 8.
-2
-19 + 22 - (2 - 0) - 12
-11
Calculate -16 - (-19 + 6 + 3).
-6
(1 - 11) + 23 - 28
-15
-5 + (-1 - -6 - (41 + -37)) + 2
-2
Calculate 1 - (1 - 24 - -21).
3
What is the value of 3 - -3 - (21 - -2) - (-7 + 6)?
-16
2 + -1 + (-9 + 7 - -3) - 2
0
What is the value of 19 + 13 + -45 - -36?
23
Calculate 12 + (-15 - -2 - -9).
8
Calculate -42 - (-25 - (-42 - -40)).
-19
What is the value of 7 + (-3 + -14 - -14)?
4
-1 - ((-10 - -19) + -18 - -15)
-7
Evaluate (149 - 142) + (1 - 2) + (0 - 2).
4
Calculate 6 + 9 + 8 + 6 + -35.
-6
Evaluate (5 - -10) + 84 + -89.
10
What is the value of -217 - -213 - (-2 + (2 + 15 - 1))?
-18
Calculate -3 - (10 + 15 + -35).
7
What is the value of (0 - 9) + (-241 - -247) - (1 + -5)?
1
Evaluate (-64 - -60) + 0 + 20.
16
What is (-48 - -45) + 1 + 2 + -1 + -1?
-2
-6 - 18 - -8 - -4
-12
What is the value of 11 + (7 - (17 - (-4 + 11)))?
8
What is the value of (0 - -3 - (5 - -6)) + 9?
1
What is -3 - -4 - (-335 + 322)?
14
Evaluate 9 + (-1 - -20) + -27.
1
What is -9 + 1 + -3 + 14 - -11?
14
-7 